ighest common factor of 166 and 32?
2
What is the highest common factor of 10692 and 13893?
33
Calculate the highest common divisor of 593656 and 56.
56
What is the highest common factor of 145908 and 1512?
756
Calculate the greatest common divisor of 99666 and 37926.
882
What is the highest common divisor of 3948 and 861?
21
What is the highest common divisor of 48 and 14?
2
What is the highest common factor of 13719 and 136?
17
Calculate the highest common factor of 126 and 56682.
18
What is the greatest common factor of 1002045 and 495?
165
What is the highest common factor of 46645 and 4?
1
Calculate the highest common factor of 48 and 16948.
4
Calculate the greatest common divisor of 1363 and 104387.
47
What is the highest common divisor of 70 and 122458?
14
Calculate the highest common factor of 610 and 107482.
122
Calculate the highest common divisor of 76160 and 3840.
640
Calculate the highest common divisor of 6486 and 29046.
282
What is the highest common factor of 5 and 3118?
1
What is the greatest common factor of 4842903 and 156?
39
Calculate the greatest common factor of 10423 and 1727240.
1489
What is the highest common divisor of 651843 and 4824?
603
Calculate the greatest common factor of 172 and 281005.
43
Calculate the highest common divisor of 43 and 2315679.
43
Calculate the greatest common factor of 25772 and 544.
68
Calculate the greatest common divisor of 1750 and 277690.
70
What is the greatest common factor of 299724 and 48?
12
What is the greatest common factor of 25001 and 46?
23
What is the greatest common factor of 3725 and 225?
25
What is the highest common factor of 12796 and 140?
28
Calculate the greatest common factor of 73191 and 3813.
93
What is the greatest common divisor of 2890 and 20?
10
Calculate the greatest common factor of 74518 and 19133.
1007
What is the greatest common divisor of 24530 and 2?
2
What is the greatest common factor of 218675 and 100?
25
Calculate the highest common factor of 948 and 1212966.
474
Calculate the greatest common factor of 104 and 1408.
8
What is the highest common factor of 432914 and 1398?
466
What is the highest common factor of 32 and 344168?
8
What is the highest common divisor of 2224 and 864?
16
What is the highest common factor of 7695 and 42180?
285
What is the greatest common divisor of 56459 and 101?
101
What is the greatest common divisor of 6808 and 276?
92
What is the highest common divisor of 190 and 3730?
10
Calculate the highest common factor of 1574874 and 210.
42
What is the highest common factor of 8786403 and 2298?
1149
What is the highest common divisor of 2780 and 60?
20
Calculate the highest common divisor of 142872 and 216.
24
Calculate the greatest common factor of 28 and 13748.
28
Calculate the greatest common divisor of 17043 and 52.
13
Calculate the highest common factor of 11 and 9625.
11
Calculate the highest common divisor of 55 and 128065.
5
Calculate the greatest common factor of 27 and 1245.
3
What is the highest common divisor of 10431 and 63745?
1159
Calculate the greatest common factor of 833917 and 21.
7
What is the highest common divisor of 4210 and 41940?
10
What is the greatest common factor of 25 and 701?
1
What is the highest common divisor of 41 and 267115?
41
What is the greatest common divisor of 1615 and 1900?
95
Calculate the highest common factor of 14294 and 21.
7
Calculate the highest common divisor of 16786 and 9810.
218
What is the greatest common factor of 1895080 and 472?
472
Calculate the highest common divisor of 7539 and 287.
7
Calculate the highest common divisor of 1498 and 84.
14
Calculate the greatest common divisor of 508 and 37676.
4
What is the highest common divisor of 312024 and 6?
6
Calculate the highest common divisor of 18 and 355608.
18
What is the highest common factor of 161 and 1679?
23
What is the greatest common factor of 539 and 33?
11
What is the highest common divisor of 1183 and 66241?
7
What is the highest common factor of 230 and 1094570?
230
Calculate the highest common divisor of 1947790 and 26.
26
Calculate the greatest common divisor of 287 and 6109.
41
What is the greatest common divisor of 386875 and 200?
25
Calculate the highest common factor of 41612 and 412.
412
Calculate the greatest common divisor of 12626 and 236.
118
Calculate the greatest common divisor of 643 and 13.
1
What is the highest common factor of 401859 and 9?
9
What is the greatest common factor of 268274 and 186?
62
Calculate the highest common divisor of 91 and 221.
13
Calculate the highest common factor of 32 and 58648.
8
Calculate the highest common divisor of 11007 and 12.
3
Calculate the highest common factor of 1755 and 498771.
351
What is the highest common divisor of 2325 and 8060?
155
What is the highest common divisor of 78153 and 76719?
717
What is the highest common divisor of 5589 and 170775?
621
Calculate the greatest common divisor of 50 and 336640.
10
Calculate the greatest common divisor of 557270 and 950.
190
What is the highest common divisor of 627 and 66?
33
Calculate the highest common divisor of 8725 and 200.
25
What is the greatest common divisor of 552708 and 117?
117
What is the highest common factor of 24198 and 518?
74
Calculate the highest common divisor of 5 and 17705.
5
What is the highest common factor of 8878 and 368?
46
Calculate the greatest common factor of 2024 and 119048.
184
Calculate the highest common factor of 468 and 13962.
78
What is the greatest common divisor of 150 and 3134730?
30
Calculate the greatest common divisor of 108 and 271827.
9
What is the highest common divisor of 112 and 554554?
14
What is the highest common divisor of 11160 and 4805?
155
What is the highest common factor of 440712 and 1080?
72
What is the greatest common factor of 214396 and 620?
124
Calculate the highest common divisor of 25542 and 270.
54
What is the greatest common factor of 6750 and 282150?
1350
What is the highest common divisor of 51 and 6987?
51
Calculate the highest common divisor of 144 and 300504.
24
What is the highest common divisor of 18872 and 112?
56
What is the greatest common divisor of 40208 and 53850?
718
Calculate the greatest common factor of 519219 and 372.
93
What is the highest common divisor of 100564 and 124?
124
Calculate the greatest common factor of 2762734 and 338.
26
What is the greatest common divisor of 46571 and 49?
7
What is the greatest common divisor of 656 and 7544?
328
Calculate the greatest common factor of 479156 and 515.
103
What is the highest common factor of 6066 and 810?
18
Calculate the highest common divisor of 177520 and 28.
28
Calculate the highest common factor of 497982 and 66.
6
What is the greatest common factor of 131495 and 238?
119
Calculate the highest common divisor of 27832 and 13348.
284
What is the highest common factor of 31 and 48050?
31
Calculate the highest common divisor of 29670 and 4190.
10
Calculate the highest common factor of 1972 and 43282.
34
What is the highest common factor of 9731 and 148?
37
What is the highest common factor of 57739 and 11?
11
Calculate the highest common factor of 396 and 676764.
396
Calculate the greatest common factor of 7 and 31697.
1
What is the highest common factor of 16 and 34868?
4
What is the greatest common divisor of 28 and 10311?
7
What is the greatest common divisor of 5564 and 963?
107
Calculate the greatest common factor of 27 and 1347.
3
What is the highest common divisor of 48755 and 2205?
245
What is the highest common divisor of 10816 and 19604?
676
Calculate the highest common factor of 32 and 25616.
16
What is the greatest common factor of 30 and 9130?
10
Calculate the greatest common factor of 580 and 1060.
20
What is the greatest common factor of 69460 and 5060?
460
Calculate the highest common divisor of 6144 and 2688.
384
Calculate the highest common divisor of 15 and 259365.
15
What is the greatest common divisor of 160126 and 299?
23
What is the greatest common factor of 258282 and 36?
18
Calculate the highest common factor of 35 and 18970.
35
What is the greatest common factor of 760 and 19340?
20
Calculate the highest common factor of 1126 and 277.
1
What is the greatest common factor of 506436 and 1176?
84
Calculate the greatest common divisor of 48421 and 82